{"id":5029,"date":"2022-04-27T14:40:42","date_gmt":"2022-04-27T12:40:42","guid":{"rendered":"https:\/\/www.khbr.at\/karriere\/taukolleg\/?page_id=5029"},"modified":"2022-08-23T15:02:38","modified_gmt":"2022-08-23T13:02:38","slug":"kontakt","status":"publish","type":"page","link":"https:\/\/www.khbr.at\/karriere\/taukolleg\/kontakt\/","title":{"rendered":"Kontakt"},"content":{"rendered":"\t\t<div data-elementor-type=\"wp-page\" data-elementor-id=\"5029\" class=\"elementor elementor-5029\" data-elementor-post-type=\"page\">\n\t\t\t\t\t\t<section class=\"elementor-section elementor-top-section elementor-element elementor-element-21a84bb elementor-section-full_width elementor-section-height-default elementor-section-height-default\" data-id=\"21a84bb\" data-element_type=\"section\">\n\t\t\t\t\t\t<div class=\"elementor-container elementor-column-gap-default\">\n\t\t\t\t\t<div class=\"elementor-column elementor-col-100 elementor-top-column elementor-element elementor-element-908ad0f\" data-id=\"908ad0f\" data-element_type=\"column\">\n\t\t\t<div class=\"elementor-widget-wrap elementor-element-populated\">\n\t\t\t\t\t\t<div class=\"elementor-element elementor-element-c63626b elementor--h-position-center elementor--v-position-middle elementor-arrows-position-inside elementor-pagination-position-inside elementor-widget elementor-widget-slides\" data-id=\"c63626b\" data-element_type=\"widget\" data-settings=\"{&quot;navigation&quot;:&quot;both&quot;,&quot;autoplay&quot;:&quot;yes&quot;,&quot;pause_on_hover&quot;:&quot;yes&quot;,&quot;pause_on_interaction&quot;:&quot;yes&quot;,&quot;autoplay_speed&quot;:5000,&quot;infinite&quot;:&quot;yes&quot;,&quot;transition&quot;:&quot;slide&quot;,&quot;transition_speed&quot;:500}\" data-widget_type=\"slides.default\">\n\t\t\t\t<div class=\"elementor-widget-container\">\n\t\t\t\t\t<div class=\"elementor-swiper\">\n\t\t\t<div class=\"elementor-slides-wrapper elementor-main-swiper swiper\" dir=\"ltr\" data-animation=\"fadeInUp\">\n\t\t\t\t<div class=\"swiper-wrapper elementor-slides\">\n\t\t\t\t\t\t\t\t\t\t<div class=\"elementor-repeater-item-fe40247 swiper-slide\"><div class=\"swiper-slide-bg elementor-ken-burns elementor-ken-burns--in\" role=\"img\"><\/div><div class=\"swiper-slide-inner\" ><div class=\"swiper-slide-contents\"><\/div><\/div><\/div>\t\t\t\t<\/div>\n\t\t\t\t\t\t\t<\/div>\n\t\t<\/div>\n\t\t\t\t<\/div>\n\t\t\t\t<\/div>\n\t\t\t\t\t<\/div>\n\t\t<\/div>\n\t\t\t\t\t<\/div>\n\t\t<\/section>\n\t\t\t\t<section class=\"elementor-section elementor-top-section elementor-element elementor-element-d8b68da elementor-section-boxed elementor-section-height-default elementor-section-height-default\" data-id=\"d8b68da\" data-element_type=\"section\">\n\t\t\t\t\t\t<div class=\"elementor-container elementor-column-gap-default\">\n\t\t\t\t\t<div class=\"elementor-column elementor-col-100 elementor-top-column elementor-element elementor-element-5f152d2\" data-id=\"5f152d2\" data-element_type=\"column\">\n\t\t\t<div class=\"elementor-widget-wrap elementor-element-populated\">\n\t\t\t\t\t\t<div class=\"elementor-element elementor-element-2f3cdb5 elementor-widget elementor-widget-heading\" data-id=\"2f3cdb5\" data-element_type=\"widget\" data-widget_type=\"heading.default\">\n\t\t\t\t<div class=\"elementor-widget-container\">\n\t\t\t<h1 class=\"elementor-heading-title elementor-size-default\">Kontakt<\/h1>\t\t<\/div>\n\t\t\t\t<\/div>\n\t\t\t\t<div class=\"elementor-element elementor-element-2ad2f4b elementor-widget elementor-widget-breadcrumbs\" data-id=\"2ad2f4b\" data-element_type=\"widget\" data-widget_type=\"breadcrumbs.default\">\n\t\t\t\t<div class=\"elementor-widget-container\">\n\t\t\t<p id=\"breadcrumbs\"><span><span><a href=\"https:\/\/www.khbr.at\/karriere\/taukolleg\/\">Startseite<\/a><\/span><\/span><\/p>\t\t<\/div>\n\t\t\t\t<\/div>\n\t\t\t\t\t<\/div>\n\t\t<\/div>\n\t\t\t\t\t<\/div>\n\t\t<\/section>\n\t\t\t\t<section class=\"elementor-section elementor-top-section elementor-element elementor-element-46ae79e elementor-section-boxed elementor-section-height-default elementor-section-height-default elementor-invisible\" data-id=\"46ae79e\" data-element_type=\"section\" data-settings=\"{&quot;animation&quot;:&quot;fadeIn&quot;}\">\n\t\t\t\t\t\t<div class=\"elementor-container elementor-column-gap-default\">\n\t\t\t\t\t<div class=\"elementor-column elementor-col-100 elementor-top-column elementor-element elementor-element-e34ba31\" data-id=\"e34ba31\" data-element_type=\"column\">\n\t\t\t<div class=\"elementor-widget-wrap elementor-element-populated\">\n\t\t\t\t\t\t<div class=\"elementor-element elementor-element-073f610 elementor-widget elementor-widget-shortcode\" data-id=\"073f610\" data-element_type=\"widget\" data-widget_type=\"shortcode.default\">\n\t\t\t\t<div class=\"elementor-widget-container\">\n\t\t\t\t\t<div class=\"elementor-shortcode\">\n<div class=\"wpcf7 no-js\" id=\"wpcf7-f704-o1\" lang=\"de-DE\" dir=\"ltr\">\n<div class=\"screen-reader-response\"><p role=\"status\" aria-live=\"polite\" aria-atomic=\"true\"><\/p> <ul><\/ul><\/div>\n<form action=\"\/karriere\/taukolleg\/wp-json\/wp\/v2\/pages\/5029#wpcf7-f704-o1\" method=\"post\" class=\"wpcf7-form init\" aria-label=\"Kontaktformular\" novalidate=\"novalidate\" data-status=\"init\">\n<div style=\"display: none;\">\n<input type=\"hidden\" name=\"_wpcf7\" value=\"704\" \/>\n<input type=\"hidden\" name=\"_wpcf7_version\" value=\"5.9.4\" \/>\n<input type=\"hidden\" name=\"_wpcf7_locale\" value=\"de_DE\" \/>\n<input type=\"hidden\" name=\"_wpcf7_unit_tag\" value=\"wpcf7-f704-o1\" \/>\n<input type=\"hidden\" name=\"_wpcf7_container_post\" value=\"0\" \/>\n<input type=\"hidden\" name=\"_wpcf7_posted_data_hash\" value=\"\" \/>\n<\/div>\n<div class=\"form-grid kontaktformular\">\n  <div class=\"form-element text required\">\n    <label for=\"vorname\">Vorname<\/label>\n    <span class=\"wpcf7-form-control-wrap\" data-name=\"vorname\"><input size=\"40\" class=\"wpcf7-form-control wpcf7-text wpcf7-validates-as-required\" aria-required=\"true\" aria-invalid=\"false\" value=\"\" type=\"text\" name=\"vorname\" \/><\/span>\n  <\/div>\n  <div class=\"form-element text required\">\n    <label for=\"nachname\">Nachname<\/label>\n    <span class=\"wpcf7-form-control-wrap\" data-name=\"nachname\"><input size=\"40\" class=\"wpcf7-form-control wpcf7-text wpcf7-validates-as-required\" aria-required=\"true\" aria-invalid=\"false\" value=\"\" type=\"text\" name=\"nachname\" \/><\/span>\n  <\/div>\n  <div class=\"form-element text full required\">\n    <label for=\"email\">E-Mail-Adresse<\/label>\n    <span class=\"wpcf7-form-control-wrap\" data-name=\"email\"><input size=\"40\" class=\"wpcf7-form-control wpcf7-email wpcf7-validates-as-required wpcf7-text wpcf7-validates-as-email\" aria-required=\"true\" aria-invalid=\"false\" value=\"\" type=\"email\" name=\"email\" \/><\/span>\n  <\/div>\n  <div class=\"form-element text full required\">\n    <label for=\"nachricht\">Ihre Nachricht<\/label>\n    <span class=\"wpcf7-form-control-wrap\" data-name=\"nachricht\"><textarea cols=\"40\" rows=\"10\" class=\"wpcf7-form-control wpcf7-textarea wpcf7-validates-as-required\" aria-required=\"true\" aria-invalid=\"false\" name=\"nachricht\"><\/textarea><\/span>\n  <\/div>\n    <div class=\"form-description\">Mit \u00dcbermittlung dieses Kontaktformulars werden Ihre personenbezogenen Daten (Name, E-Mail, Anfrage) zur Beantwortung Ihrer Anfrage ((vor-)vertragliche Kommunikation iSd Art 6 Abs 1 lit b DSGVO) verarbeitet. Nach Erledigung Ihrer Anfrage wird diese gel\u00f6scht.<\/div>\n    <div class=\"form-element full required\">\n        <span class=\"wpcf7-form-control-wrap\" data-name=\"datenschutz\"><span class=\"wpcf7-form-control wpcf7-acceptance\"><span class=\"wpcf7-list-item\"><label><input type=\"checkbox\" name=\"datenschutz\" value=\"1\" aria-invalid=\"false\" \/><span class=\"wpcf7-list-item-label\">Ich stimme zu, dass meine personenbezogenen Daten zum genannten Zweck verarbeitet\nwerden d\u00fcrfen. Ein Widerruf dieser Einwilligung ist nicht m\u00f6glich, da die Daten nur einmalig\nverwendet und sofort danach gel\u00f6scht werden<\/span><\/label><\/span><\/span><\/span>\n    <\/div>\n    <div class=\"form-description\">Ihnen stehen bei Vorliegen der gesetzlichen Voraussetzungen folgende Rechte gem\u00e4\u00df\nDSGVO zu: Recht auf Auskunft, Berichtigung, L\u00f6schung, Einschr\u00e4nkung der Verarbeitung,\nDaten\u00fcbertragbarkeit, Widerspruch gegen die Verarbeitung. Sie haben das Recht, sich bei\nder folgenden Aufsichtsbeh\u00f6rde zu beschweren, wenn Sie der Ansicht sind, dass die\nVerarbeitung Ihrer personenbezogenen Daten nicht rechtm\u00e4\u00dfig erfolgt. \u00d6sterreichische\nDatenschutzbeh\u00f6rde, Barichgasse 40-42, 1030 Wien, E-Mail: dsb@dsb.gv.at\nWeitere Informationen zum Datenschutz finden Sie unter: <a href=\"https:\/\/www.khbr.at\/datenschutzerklaerung\/\">Datenschutzinformationen<\/a><\/div>\n  <div class=\"form-element full send\">\n    <input class=\"wpcf7-form-control wpcf7-submit has-spinner button\" type=\"submit\" value=\"Absenden\" \/>\n  <\/div>\n<span class=\"wpcf7-form-control-wrap\" data-name=\"webdots-zip\"><input type=\"text\" name=\"webdots-zip\" id=\"webdots-zip\" class=\"wpcf7-form-control wpcf7-text\" style=\"display:none;\" \/><\/span><script>document.addEventListener(\"DOMContentLoaded\", function(event) {let input = document.getElementById(\"webdots-zip\");let form = input.closest(\"form\");let inputs = form.querySelectorAll(\"input.wpcf7-validates-as-required, input[required]\");let n = inputs.length*4;let c = 0;console.log(inputs);inputs.forEach(item => {item.addEventListener('input', event => {console.log(\"input\");if( c > n ){input.value = \"nospam\"}c++;});});});<\/script>\n<\/div><div class=\"wpcf7-response-output\" aria-hidden=\"true\"><\/div>\n<\/form>\n<\/div>\n<\/div>\n\t\t\t\t<\/div>\n\t\t\t\t<\/div>\n\t\t\t\t\t<\/div>\n\t\t<\/div>\n\t\t\t\t\t<\/div>\n\t\t<\/section>\n\t\t\t\t<\/div>\n\t\t","protected":false},"excerpt":{"rendered":"<p>Kontakt<\/p>\n","protected":false},"author":1,"featured_media":0,"parent":0,"menu_order":0,"comment_status":"closed","ping_status":"closed","template":"","meta":{"_acf_changed":false,"footnotes":""},"acf":[],"yoast_head":"<!-- This site is optimized with the Yoast SEO plugin v22.6 - https:\/\/yoast.com\/wordpress\/plugins\/seo\/ -->\n<title>Kontakt - Krankenhaus Braunau<\/title>\n<meta name=\"robots\" content=\"index, follow, max-snippet:-1, max-image-preview:large, max-video-preview:-1\" \/>\n<link rel=\"canonical\" href=\"https:\/\/www.khbr.at\/karriere\/taukolleg\/kontakt\/\" \/>\n<meta property=\"og:locale\" content=\"de_DE\" \/>\n<meta property=\"og:type\" content=\"article\" \/>\n<meta property=\"og:title\" content=\"Kontakt - Krankenhaus Braunau\" \/>\n<meta property=\"og:description\" content=\"Kontakt\" \/>\n<meta property=\"og:url\" content=\"https:\/\/www.khbr.at\/karriere\/taukolleg\/kontakt\/\" \/>\n<meta property=\"og:site_name\" content=\"Krankenhaus Braunau\" \/>\n<meta property=\"article:modified_time\" content=\"2022-08-23T13:02:38+00:00\" \/>\n<meta name=\"twitter:card\" content=\"summary_large_image\" \/>\n<meta name=\"twitter:label1\" content=\"Gesch\u00e4tzte Lesezeit\" \/>\n\t<meta name=\"twitter:data1\" content=\"1\u00a0Minute\" \/>\n<script type=\"application\/ld+json\" class=\"yoast-schema-graph\">{\"@context\":\"https:\/\/schema.org\",\"@graph\":[{\"@type\":\"WebPage\",\"@id\":\"https:\/\/www.khbr.at\/karriere\/taukolleg\/kontakt\/\",\"url\":\"https:\/\/www.khbr.at\/karriere\/taukolleg\/kontakt\/\",\"name\":\"Kontakt - Krankenhaus Braunau\",\"isPartOf\":{\"@id\":\"https:\/\/www.khbr.at\/karriere\/taukolleg\/#website\"},\"datePublished\":\"2022-04-27T12:40:42+00:00\",\"dateModified\":\"2022-08-23T13:02:38+00:00\",\"breadcrumb\":{\"@id\":\"https:\/\/www.khbr.at\/karriere\/taukolleg\/kontakt\/#breadcrumb\"},\"inLanguage\":\"de\",\"potentialAction\":[{\"@type\":\"ReadAction\",\"target\":[\"https:\/\/www.khbr.at\/karriere\/taukolleg\/kontakt\/\"]}]},{\"@type\":\"BreadcrumbList\",\"@id\":\"https:\/\/www.khbr.at\/karriere\/taukolleg\/kontakt\/#breadcrumb\",\"itemListElement\":[{\"@type\":\"ListItem\",\"position\":1,\"name\":\"Startseite\",\"item\":\"https:\/\/www.khbr.at\/karriere\/taukolleg\/\"},{\"@type\":\"ListItem\",\"position\":2,\"name\":\"Kontakt\"}]},{\"@type\":\"WebSite\",\"@id\":\"https:\/\/www.khbr.at\/karriere\/taukolleg\/#website\",\"url\":\"https:\/\/www.khbr.at\/karriere\/taukolleg\/\",\"name\":\"Krankenhaus Braunau\",\"description\":\"\",\"publisher\":{\"@id\":\"https:\/\/www.khbr.at\/karriere\/taukolleg\/#organization\"},\"potentialAction\":[{\"@type\":\"SearchAction\",\"target\":{\"@type\":\"EntryPoint\",\"urlTemplate\":\"https:\/\/www.khbr.at\/karriere\/taukolleg\/?s={search_term_string}\"},\"query-input\":\"required name=search_term_string\"}],\"inLanguage\":\"de\"},{\"@type\":\"Organization\",\"@id\":\"https:\/\/www.khbr.at\/karriere\/taukolleg\/#organization\",\"name\":\"Krankenhaus Braunau\",\"url\":\"https:\/\/www.khbr.at\/karriere\/taukolleg\/\",\"logo\":{\"@type\":\"ImageObject\",\"inLanguage\":\"de\",\"@id\":\"https:\/\/www.khbr.at\/karriere\/taukolleg\/#\/schema\/logo\/image\/\",\"url\":\"https:\/\/www.khbr.at\/karriere\/taukolleg\/wp-content\/uploads\/2022\/08\/cropped-Logo-neu-2.jpg\",\"contentUrl\":\"https:\/\/www.khbr.at\/karriere\/taukolleg\/wp-content\/uploads\/2022\/08\/cropped-Logo-neu-2.jpg\",\"width\":301,\"height\":226,\"caption\":\"Krankenhaus Braunau\"},\"image\":{\"@id\":\"https:\/\/www.khbr.at\/karriere\/taukolleg\/#\/schema\/logo\/image\/\"}}]}<\/script>\n<!-- \/ Yoast SEO plugin. -->","yoast_head_json":{"title":"Kontakt - Krankenhaus Braunau","robots":{"index":"index","follow":"follow","max-snippet":"max-snippet:-1","max-image-preview":"max-image-preview:large","max-video-preview":"max-video-preview:-1"},"canonical":"https:\/\/www.khbr.at\/karriere\/taukolleg\/kontakt\/","og_locale":"de_DE","og_type":"article","og_title":"Kontakt - Krankenhaus Braunau","og_description":"Kontakt","og_url":"https:\/\/www.khbr.at\/karriere\/taukolleg\/kontakt\/","og_site_name":"Krankenhaus Braunau","article_modified_time":"2022-08-23T13:02:38+00:00","twitter_card":"summary_large_image","twitter_misc":{"Gesch\u00e4tzte Lesezeit":"1\u00a0Minute"},"schema":{"@context":"https:\/\/schema.org","@graph":[{"@type":"WebPage","@id":"https:\/\/www.khbr.at\/karriere\/taukolleg\/kontakt\/","url":"https:\/\/www.khbr.at\/karriere\/taukolleg\/kontakt\/","name":"Kontakt - Krankenhaus Braunau","isPartOf":{"@id":"https:\/\/www.khbr.at\/karriere\/taukolleg\/#website"},"datePublished":"2022-04-27T12:40:42+00:00","dateModified":"2022-08-23T13:02:38+00:00","breadcrumb":{"@id":"https:\/\/www.khbr.at\/karriere\/taukolleg\/kontakt\/#breadcrumb"},"inLanguage":"de","potentialAction":[{"@type":"ReadAction","target":["https:\/\/www.khbr.at\/karriere\/taukolleg\/kontakt\/"]}]},{"@type":"BreadcrumbList","@id":"https:\/\/www.khbr.at\/karriere\/taukolleg\/kontakt\/#breadcrumb","itemListElement":[{"@type":"ListItem","position":1,"name":"Startseite","item":"https:\/\/www.khbr.at\/karriere\/taukolleg\/"},{"@type":"ListItem","position":2,"name":"Kontakt"}]},{"@type":"WebSite","@id":"https:\/\/www.khbr.at\/karriere\/taukolleg\/#website","url":"https:\/\/www.khbr.at\/karriere\/taukolleg\/","name":"Krankenhaus Braunau","description":"","publisher":{"@id":"https:\/\/www.khbr.at\/karriere\/taukolleg\/#organization"},"potentialAction":[{"@type":"SearchAction","target":{"@type":"EntryPoint","urlTemplate":"https:\/\/www.khbr.at\/karriere\/taukolleg\/?s={search_term_string}"},"query-input":"required name=search_term_string"}],"inLanguage":"de"},{"@type":"Organization","@id":"https:\/\/www.khbr.at\/karriere\/taukolleg\/#organization","name":"Krankenhaus Braunau","url":"https:\/\/www.khbr.at\/karriere\/taukolleg\/","logo":{"@type":"ImageObject","inLanguage":"de","@id":"https:\/\/www.khbr.at\/karriere\/taukolleg\/#\/schema\/logo\/image\/","url":"https:\/\/www.khbr.at\/karriere\/taukolleg\/wp-content\/uploads\/2022\/08\/cropped-Logo-neu-2.jpg","contentUrl":"https:\/\/www.khbr.at\/karriere\/taukolleg\/wp-content\/uploads\/2022\/08\/cropped-Logo-neu-2.jpg","width":301,"height":226,"caption":"Krankenhaus Braunau"},"image":{"@id":"https:\/\/www.khbr.at\/karriere\/taukolleg\/#\/schema\/logo\/image\/"}}]}},"_links":{"self":[{"href":"https:\/\/www.khbr.at\/karriere\/taukolleg\/wp-json\/wp\/v2\/pages\/5029"}],"collection":[{"href":"https:\/\/www.khbr.at\/karriere\/taukolleg\/wp-json\/wp\/v2\/pages"}],"about":[{"href":"https:\/\/www.khbr.at\/karriere\/taukolleg\/wp-json\/wp\/v2\/types\/page"}],"author":[{"embeddable":true,"href":"https:\/\/www.khbr.at\/karriere\/taukolleg\/wp-json\/wp\/v2\/users\/1"}],"replies":[{"embeddable":true,"href":"https:\/\/www.khbr.at\/karriere\/taukolleg\/wp-json\/wp\/v2\/comments?post=5029"}],"version-history":[{"count":38,"href":"https:\/\/www.khbr.at\/karriere\/taukolleg\/wp-json\/wp\/v2\/pages\/5029\/revisions"}],"predecessor-version":[{"id":8187,"href":"https:\/\/www.khbr.at\/karriere\/taukolleg\/wp-json\/wp\/v2\/pages\/5029\/revisions\/8187"}],"wp:attachment":[{"href":"https:\/\/www.khbr.at\/karriere\/taukolleg\/wp-json\/wp\/v2\/media?parent=5029"}],"curies":[{"name":"wp","href":"https:\/\/api.w.org\/{rel}","templated":true}]}}